1 + 45
-63
Evaluate (27 - 12) + (6 - (-11 - -26) - 6).
0
Calculate 11 + (10 - (-47 + 70)).
-2
(-8 - (0 + 6)) + (-31 - -22) + 11 - 48
-60
What is the value of (-15 + -6 - -2 - (66 + -64)) + -4?
-25
1 + 182 + -1803 + 1666
46
Evaluate 838 + -848 + 46 + -15.
21
Calculate 131 - 116 - (-2 + -71) - -4 - 16.
76
Evaluate (-37 - 0) + 6 + (4 + 13 - 25 - -4).
-35
(1 - (22 + (-12 - (0 + 1)))) + 26
18
(32 - (-9 - 5)) + -65
-19
4 - (-3 - (-133 + (-7 - (-7 + 12)) + -1))
-139
Evaluate (-53 - (5 - 65)) + 0 + -21.
-14
Evaluate (18 - (24 + -8 + 24)) + (67 - -2).
47
Evaluate -3 - -27 - (4497 + -4450).
-23
Evaluate (0 - -20) + (-59 + -17 - 4).
-60
(1 - 54) + 717 + -716
-52
What is 121 + (46 - (388 + -78))?
-143
What is -17 + -9 + -4 + (-1 - (18 - 33) - 7)?
-23
-19 - (-19 + 20 - 20) - 11
-11
1 + 0 - 1 - (2392 - 2347)
-45
43 + -20 + 36 + (9 - 26) + 1
43
What is the value of (-21 - -1) + 77 + -158 + 64?
-37
Calculate -18 + -4 - 21 - -42.
-1
Evaluate -29 - 22 - -8 - (-7 + 4 + 1 + 0).
-41
(82 - -3 - (-105 - -116)) + (2 - 13)
63
Calculate -19 - ((8 + -2 - 1) + (-36 - (45 - 82))).
-25
What is the value of -9 - ((-4 + 9 - (138 - 134)) + -1 + 0)?
-9
-91 + 41 + (0 - -42) - -65
57
Evaluate 15 + (11 - 38) - 16.
-28
(-44 - 96 - -119) + 1 + 14
-6
-24 - (-27 - (5 + (4 - 6)))
6
What is the value of (-21 - 0 - (-1 - 28)) + -3?
5
What is 1 - ((0 - -1) + 1) - (-9739 + 9731)?
7
What is the value of -8 + (-2 - -5) + (4 - (-3 + 5)) - 3?
-6
Calculate -24 - -38 - (7 + -9 + -9).
25
What is the value of 19 + -69 + 10 + 28 + -57?
-69
Calculate 15 - (-37 + 64) - -12 - (111 - 5).
-106
Calculate 185 + -102 + -45 + -2 + 10.
46
Calculate 17 + (-36 - -44 - (5 - -4)).
16
What is 16 + 0 + (11 - -8) - 139?
-104
What is 11 + -103 - (-81 + 15)?
-26
What is 3 - 4 - ((-3 - -6) + -9 + 0 + 17)?
-12
(35 - 120) + (14 - 0 - -11)
-60
-28 + 9 + 9 - (-56 - -94)
-48
What is the value of (-2 + 25 - 71) + 12?
-36
-26 - (-97 + 63) - (-2 + 1 + (-22 - 0))
31
Calculate (-22 - -5) + 355 + -297 + (-2 - 13).
26
Evaluate (2 - -1 - (-10 + -16 + 13 + 47)) + 8.
-23
Evaluate 19 + -1 - (-7274 + 7239).
53
(-5 - 30) + 6 + 116 + 4
91
Evaluate 13 + -51 - (-103 - -42).
23
Calculate -3 - (-46 - (14 - 8)).
49
Evaluate -61 - (30 - (-34 + 16 + 53)).
-56
Calculate -4 + (5 - 1) + -2 - -113 - (5857 + -5863).
117
581 + -623 + (0 - -3 - -4)
-35
What is the value of 48 + -41 - (-3 - (0 + -1 - (-7 - -17)))?
-1
Evaluate 171 + -206 + 26 + 7 + (-4 - 0).
-6
What is the value of (53 - 98) + -10 - -82?
27
Calculate -1 + 4 + (46 - 22) + (487 - 475).
39
What is (-8 - (-4 - -1)) + (-11 - 10 - -29)?
3
What is the value of -57 + (7 - 9 - -6) + 23?
-30
-12 + (-1 + -3 + 72 + -70 - (-36 - 0))
22
-36 + 122 - 35 - 60
-9
What is the value of 110 + -34 + -15 + 45 - -26?
132
What is (-2 - 4) + 2 - ((-10 - 11) + 20 + 3)?
-6
What is the value of (-19 - (0 + -1 + 3)) + (-128 - (-250 + 114))?
-13
-8 - -32 - 40 - 6
-22
-1 + -80 - (-98 - -317 - 198)
-102
Evaluate 44 + (-87 - -46) + -5 + 0 + -2 - 91.
-95
Calculate -44 + -9 - (225 - 266).
-12
Calculate (9 + 3 - 1 - (-561 - -686)) + 19.
-95
Evaluate -31 - -5 - (32 + -13 - 43).
-2
What is the value of 60 + -103 + 87 - 86?
-42
Evaluate (-5 - -6 - (4 - 7)) + -31.
-27
What is (-33 - (4 + -2)) + -17 + 20 + -10?
-42
Evaluate (-6 + 1 - -21) + (-57 - -19 - -40).
18
What is 0 + 6 + -1 + (-39 - 0) + 2589 + -2540?
15
Evaluate (6 - (-5 + 0 + -3)) + -71 + 66 + 122.
131
Calculate 395 - 398 - ((32 - -2 - 0) + 0).
-37
What is the value of (87 - 101) + 13 + (2 - (-2 - -21))?
-18
-64 + 105 + (-218 - -92)
-85
Calculate -82 + 77 + (3 + -3 + -3 - 37) + 7.
-38
Evaluate (70 - (-1 - -1) - 2) + (-70 - (-252 - -175)).
75
Calculate -1 + -21 + 100 + -238 + 174.
14
14 + 0 + -24 + (57 - 12)
35
What is the value of (-3 - -4) + (6 - 0) + (29 + -29 - -101)?
108
Evaluate 33 + (-30 - 9) + 18.
12
Calculate (34 - -3) + -111 - -50.
-24
Evaluate -278 - -330 - (172 - 21).
-99
What is (0 - -1) + 23 + (37 - 74) + 22?
9
Calculate -1 + 4 - (20 + -10 + 6 + -22).
9
Calculate -24 - -6 - (-462 - -544).
-100
Evaluate 48 + 95 + -154 + -2 + 104.
91
Calculate (-12 + (12 - 2) - 1) + 35 + -4 + 9.
37
Calculate 52 - (-9 - (-4 + 1) - (-124 + 127)).
61
What is 9 - (19 + (-30 - -67) + -24)?
-23
What is the value of (105 - 52 - 19) + -25?
9
What is 31 - (176 + -86) - ((2 - 14) + 2)?
-49
What is the value of 1 - -24 - ((41 - -30) + -82)?
36
Calculate -1 - -49 - (-10 - -12 - -15 - (17 - -7)).
55
What is 0 + -5 + -8 + 1 + (-15 - -14) + 86?
73
What is the value of 66 - (6 + -12 + (0 - 0) + 12 - 3)?
63
Calculate -1 - (-172 + 221 + (-1 - -17) - (0 - -7)).
-59
Evaluate 1 + -2 + -26 - (-101 + 38).
36
Evaluate (-11 + 10 - 7) + 12 + -5 + -2 + -35.
-38
Calculate (-32 - -11 - -17) + (2 - 15).
-17
80 + 78 + -231 + (-3 - -29)
-47
9 + -24 + 9 + 7 + 7
8
Calculate -1 - (2 + -24 + -2) - (13 + (-39 - -33)).
16
What is -35 + 31 + -14 - 28?
-46
Calculate (-38 + 57 - (7 - -41)) + 19 - 80.
-90
0 + 5 - (24 - (-66 + 13 - -37))
-35
Evaluate 48 + -25 - (13 + -12 + -23).
45
Calculate 7851 - 7866 - (-91 + (2 - 2)).
76
Evaluate -3 + 0 + (-23 - 1 - -1) + (3810 - 3812).
-28
What is the value of 1 - (-71 + -55 + 98)?
29
Evaluate (2768 - 2790) + (-7 - -2).
-27
Evaluate -217 + 79 + 126 + -3 + 95.
80
42 + (22 - -5) - 85
-16
Evaluate 49 + 1 - (134 + -77 - 53).
46
What is the value of (-20 - -35 - -6) + -34 + 15 - -75?
77
What is -2 - -2 - -6 - (-779 + 793 - (0 - 63))?
-71
What is 5 + (5 - 15) + 19 + (-18 - 21)?
-25
What is 6893 + -6922 - (-11 - -1)?
-19
Evaluate -41 - (-11 + 30 + -51).
-9
What is (30 - (-17 - -47) - (1 + -12)) + -45?
-34
Evaluate -1871 + 2001 + (-124 - 1).
5
What is the value of 19 + -29 + (4 - 4 - 1 - (6 - -1))?
-18
20 + (-12 - -13) + 7 + -23 + 49
54
Evaluate (91 - (117 + -58)) + (-100 - 0).
-68
What is the value of (10 + (32 - (-8 + 14)) - -3) + -9?
30
What is the value of 7 + (-6 - (-49 + -6)) + 16 + -11 - 6?
55
Calculate (45 - (15 - (-20 - 12))) + (-2 - (2 - -29)).
-35
Calculate (0 - (0 - (-29 - -18))) + -15.
-26
What is the value of (-3 - 0) + 53 + (-15 - (-11 + 3))?
43
-55 - (-30 + 1) - (80 - 92)
-14
What is (-32 - (-6 + 5)) + 9 - 1?
-23
Evaluate -10 + -16 + 0 + (-42 - (39 + -67)).
-40
Calculate 6 + (-35 - (28 + -18 - 6)).
-33
30 - (52 + -36) - (6 - 27)
35
Evaluate -2 + 1 - -13 - -35.
47
What is the value of -13 - (-5 - 25 - -9 - (6 + -1 - 6))?
7
What is (1 - 3) + 0 + (25 - 12) + -9?
2
-277 + 285 + (-9 - 1)
-2
What is the value of -32 - (0 - (2 + -5)) - (6 + (3 - 1))?
-43
What is the value of (100 + 17 - 72) + -5?
40
Evaluate -20 - ((-8 - 3) + (-36 - -17 - -84)).
-74
Calculate 42 - (8 - 30) - (0 + (5 - -2)) - -8.
65
Evaluate 8177 + -8351 + (1 - -103).
-70
Evaluate (-5 - 5 - -4) + (-34 - -72 - 32).
0
Evaluate 426 - 294 - (-5 - (2 - -9 - 11)).
137
What is the value of 0 - -1 - (-33 - 54 - -57)?
31
What is the value of 62 - (94 - -4 - -43)?
-79
Evaluate 5 + 1 - 54 - -42.
-6
Evaluate 2 + 8 + -7 - (4 + 11 + -14) - -88.
90
What is the value of -17 + (-9 + -28 - -55) - -112?
113
-108 + 55 + 61 - 64
-56
What is the value of -53 + (27 + (-1 - 42) - -14)?
-55
Calculate 7 - ((117 - 177) + 88).
-21
Evaluate -4 + (4 + 0 - -58 - (6 - -5)).
47
Calculate 6 - (4 + -1 + 1 - (5 + 4 - 50)).
-39
2 - (0 + 20 + 1014 + -977)
-55
Calculate -109 - (1 - 96) - -113.
99
Calculate -29467 + 29312 - (1 + -86).
-70
What is 0 + 2 + 0 + (24 - (25 + -7)) + -34?
-26
Calculate (-100 - -44) + 64 + -109 + -6.
-107
What is -2 - (0 + 10) - (37 + -122 - -42)?
31
What is the value of 34 + -65 + (5 - -31)?
5
2 - 36 - (-5 - 22 - (-15 - -2) - -6)
-26
What is (36 - 42 - 1 - -7) + 18 + 0?
18
-129 + 277 + -87 + -97
-36
Evaluate -11 + 14 + -11 - (-24 - 22).
38
What is (-55 + 32 - -25) + 28?
30
(-21 + 5 - -13) + -16 - -6
-13
Evaluate (-25 - -1) + -688 + 754.
42
Calculate -4 + (0 - -1) - (-80 + -98 + 130).
45
2 + 7 - 14 - (-14 - (-14 + -9) - -49)
-63
What is 11 + -53 - -82 - 126?
-86
What is -12 - 0 - ((32 - 10) + (-8 + 1 - 10))?
-17
What is -39 + 71 - 39 - (3 - 1 - (71 + -5))?
57
Evaluate 108 + (-150 - (-116 - -178)).
-104
Evaluate 15 - (3 + 9) - (-35 + 12 + 96).
-70
Evaluate -102 + (35 + -47 - (-43 + 10 - -7)).
-88
What is 9 + 26 + 16 + 9 + -6?
54
Evaluate -5 - (17 - (0 - -3) - 5).
-14
What is the value of 120 + (44 - -27) + -101?
90
What is -2017 - -1963 - (-1 + -46) - 24?
-31
Calculate 29 - 8 - (-4 - (19 + -8)).
36
Calculate -12 + (-5 +